= -m - 1166. Is b composite?
False
Let v be 1260/33 + (-8)/44. Let j = 17 + v. Suppose -430 = -n + j. Is n a composite number?
True
Suppose 2*v + 643 = -1667. Suppose 36 = -10*p + 6*p. Is (-2 + v/p)*3 a prime number?
True
Let o(z) = 2*z**2 - z. Let g be o(0). Suppose g = n, -5*l - n = -4*l - 419. Is l a prime number?
True
Let g(d) = -237*d - 7. Is g(-4) a composite number?
False
Let j = 390 + -590. Let b = 359 + j. Is b prime?
False
Let k(p) = 746*p**2 - 11*p - 2. Is k(3) composite?
False
Let b be -3 + 624/45 + 8/60. Let j(s) be the third derivative of s**5/60 - s**4/3 + 2*s**3/3 + s**2. Is j(b) a composite number?
False
Let f = -11 - -14. Let a be (3/2)/(f/28). Is ((-2)/(-3))/(a/651) prime?
True
Let y be (-6)/4 + 5505/10. Let l = y + -388. Is l a prime number?
False
Suppose 7*v = -v. Suppose d + b - 237 = 2*b, v = 4*d - 2*b - 952. Is d composite?
False
Let k = 411 - 211. Suppose y - k = -4*r, -r - 82 = -3*r + 4*y. Is r composite?
True
Let f(o) = -o**2 + 4*o - 1. Let n be f(1). Suppose n*w + w = 165. Is w prime?
False
Let t(c) = 908*c**2 - 1. Suppose -5*f - 1 = -6. Is t(f) a composite number?
False
Suppose -7 - 8 = -3*t. Suppose 5*d + t*l = 9255, -1213 = -d + 5*l + 614. Is d composite?
False
Let w(l) = 2*l + 2. Let f be w(0). Let b = -1 + 1. Suppose 4*s = -5*d + 706, -4*s = -b*d + f*d - 280. Is d a prime number?
False
Let l be 4*4/6*(-12)/(-16). Let j(g) = 2*g**3 + 2*g**2 - g - 1. Is j(l) prime?
False
Let p be (-305)/(-15) - 1/3. Suppose -3*d + 7*z + p = 2*z, 4 = -4*z. Suppose o + 3 - 5 = 0, -5*y + d*o + 1525 = 0. Is y a prime number?
True
Let q(g) = -g**2 + 5*g - 3. Let z be q(3). Suppose -4*d = 0, z*t - 12 = -4*d - d. Is ((-894)/(-24))/(1/t) a composite number?
False
Suppose -5*s = 5*k - 5, -3*k + 27 = -3*s - 0*s. Suppose k*j - 4 = 16. Is 52 + -3 + j + 0 a composite number?
False
Let u(d) = d**3 + 28*d**2 + d + 5. Let g(q) = -4*q + 6. Let o be g(4). Is u(o) prime?
False
Let m be -4 - (588 + -3) - 1. Let d = 841 + m. Is d a composite number?
False
Suppose 5*m - 4*m = 358. Let a = m - -129. Is a a composite number?
False
Let w(z) = 246*z**2 - 9*z - 13. Is w(-2) prime?
False
Suppose -5*f + 28 = -7. Suppose -10*a + 3450 = -f*a. Is 28/(-42) - a/(-6) composite?
False
Suppose 9*c = 7*c - 4. Is ((-11)/(66/(-4)))/(c/(-363)) a prime number?
False
Suppose -3*i + p + 4 = -2, 12 = 3*i + p. Suppose 0 = 3*d + i*d. Suppose -b = -5*l - 628, d = 4*b + l - 2785 + 294. Is b a prime number?
False
Let h be -2 + (-5)/(15/(-54)). Suppose -5*s + 4 = -h. Suppose -k = -4*j + 392, s*k = -5*j - 0*j + 469. Is j composite?
False
Let z be (-6)/14 + (-85109)/(-7). Let l = 17492 - z. Is 3/(-5) + l/15 composite?
True
Let l(r) = -5*r - 2. Let s be l(-2). Let h = 38 - 35. Suppose -s*k + h*k = -1255. Is k a prime number?
True
Let b(u) = 162*u - 13. Suppose -c = -5*m + 82, 4*m - 24 = 3*m + 4*c. Is b(m) prime?
True
Suppose -30 = -5*w - 5*v - 0*v, 3*w - 2*v = 23. Let k(z) = 3*z**3 - 7*z**2 - 9. Is k(w) prime?
True
Suppose 2*k = -4*u + 690, -k + 339 = -4*u - 0*u. Suppose 0 = -2*b + 4*g + 494, -b + 5*g + k = 84. Is b prime?
True
Let x(c) = 120*c**2 - 29*c - 239. Is x(-14) a composite number?
False
Let y(o) be the third derivative of -65*o**4/24 - o**3/2 - 12*o**2. Is y(-1) a prime number?
False
Let m(b) = 80*b**2 + 5*b - 8. Let r(p) = -p**2 + 3*p + 9. Let x be r(4). Is m(x) a prime number?
True
Let g = -9 + 3. Let y be ((-75)/g)/((-1)/(-6)). Let v = -40 + y. Is v a prime number?
False
Suppose 82*h - 85*h = -1698. Is h a prime number?
False
Suppose 40*q = 31693 + 16827. Is q a prime number?
True
Let q = -9032 - -13143. Is q a prime number?
True
Let d(r) = -r**2 - 40*r + 37. Is d(-28) a composite number?
False
Suppose -2974 = -4*v - 918. Is v a composite number?
True
Let t = -2210 + 3187. Is t composite?
False
Let m be -3 + (-4)/(12/1113). Let q = 1075 + m. Is q a composite number?
False
Let f = -565 + 1238. Is f a composite number?
False
Let j(q) = -q**3 + 27*q**2 + 24*q - 143. Is j(20) composite?
False
Let h = 143 - 467. Let f = 194 + h. Is -1 + (-3 - -1)*f composite?
True
Is 6 + (-256)/44 + (-199294)/(-22) a prime number?
True
Is 1081 - (-4 + -8)/2 a prime number?
True
Let i = -3488 - -10545. Is i a composite number?
False
Suppose 2*d - 328 = -3*o + 202, 2*o = 0. Is d composite?
True
Is (-11689)/((-5)/(9 + -4)) composite?
False
Let m(w) = 29*w - 2. Let g be m(5). Let l be (2 - -6)/((-6)/(-48)). Let t = g - l. Is t composite?
False
Suppose 4*k - 2*z = 11986, -4 = -5*z + 21. Is k prime?
True
Let r be -4 - 277 - (-1 - 0)*2. Let a(w) = 111*w + 4. Let b be a(-4). Let x = r - b. Is x a composite number?
True
Let k = -1 + 5. Suppose -2*t - 1296 = 2*b, k*t - 1951 = -0*b + 3*b. Let x = -384 - b. Is x a composite number?
True
Let l be (-6)/(-4)*(-102)/9. Let p = l + 12. Let m = 30 - p. Is m composite?
True
Suppose -10*q + 25711 = -6*q - 3*r, q - r - 6428 = 0. Is q a prime number?
True
Let f be (-1)/((2/2)/(-953)). Suppose 0*s - f = -s. Is s a composite number?
False
Let a be 3 - 0/3 - (-4 - -2). Suppose -1475 = -a*m - 0*m. Is m prime?
False
Let v(g) = -217*g - 30 + 19 + 22. Is v(-3) prime?
False
Let o = 1 - 1. Suppose -5*j - 5*u + 1130 = 0, o*u - 5*u = -3*j + 694. Let q = j - 109. Is q a prime number?
False
Let k = 12 - 10. Let m be k/4*-2*0. Suppose m = -p + 21 + 68. Is p prime?
True
Let k(n) = -n**2 - 12*n - 11. Let j be k(-11). Suppose -4*u + 9*u + 30 = j. Let x(p) = 2*p**2 + 11*p + 13. Is x(u) composite?
False
Let y be (14/(-1))/(2/2). Let g = y + 555. Is g a composite number?
False
Let b(q) = -4*q - 45. Let w be b(-9). Let x = 22 - w. Is x a prime number?
True
Let s be ((-13)/(-2) - 5)/((-6)/80). Is (745/s)/(2/(-8)) a composite number?
False
Let s = -49 - -52. Is (-295 + 1 + 1)/(s/(-6)) a composite number?
True
Suppose -18*v = -21*v + 12. Is 470 - (-6 + 3 + 0/v) a prime number?
False
Suppose -2 + 6 = -b, -3*d + 30005 = 4*b. Is d a composite number?
False
Is (-1)/3*81264/32*-2 a composite number?
False
Suppose 0 = 5*o + 5*v - 33530, -2*v + 51811 - 18272 = 5*o. Is o composite?
False
Let i(q) = -q**2 + 9*q + 1. Let a(k) = -3*k**2 + 19*k + 1. Let m be a(6). Let s be i(m). Suppose -2*y - s = -233. Is y composite?
False
Is (3/(-2) - 0)*76060/(-30) composite?
False
Let m be (-2)/9 + (-168)/(-27). Suppose -m*h = 2*h - 1592. Is h prime?
True
Suppose -4*u - 3*i + 25 = 2*i, u - 6 = -i. Suppose -4*w = w - 5*f - 155, -u*w + 171 = -f. Is w composite?
True
Is ((-10)/(-25))/(14/23555) composite?
False
Suppose -3*d + 2*z + 58 = 13, 0 = -2*z - 6. Let m be -4*(-3 + (0 - 2)). Suppose b = m + d. Is b prime?
False
Suppose 15 = 14*c - 9*c. Suppose -4*r - 3*f + 751 = -2*r, c*r = 2*f + 1107. Is r composite?
True
Let a = 511 - -327. Is a composite?
True
Is 2527 + -4*(-6 - -5) prime?
True
Let m be 216/2*30/45. Let b = 337 + m. Is b a prime number?
True
Let j be 4 - 1/(4/(-3036)). Suppose 235 - j = 2*t. Let b = 485 + t. Is b a prime number?
False
Suppose 50409 = -j - 3*x, -5*j - 151237 = -2*j - x. Is j/(-8)*(-1 - (-10)/6) a composite number?
False
Let u = 1000 - 463. Suppose 0*y + 3*y - 540 = 0. Suppose u - y = 3*f. Is f prime?
False
Suppose 4*r + 0*w = -w + 178, -166 = -4*r + 5*w. Let q(v) = 71*v**2 - 4*v + 3. Let h be q(2). Let x = h - r. Is x prime?
False
Is -10 - -1 - (-28381 - -86) prime?
False
Suppose 6*m - 5*m = -3. Let r = 20 - 22. Is m*((-3210)/(-9))/r a composite number?
True
Let h = -3627 + 5680. Is h a composite number?
False
Suppose 0 = -5*a - 2*h - 70, -3*a + 2*a - 32 = 4*h. Let x be -3 - -3 - 0 - a. Suppose -4*f + 2*f + 667 = 3*b, -4*b = -x. Is f a composite number?
True
Let u(p) = -3*p - 10. Let c be u(-5). Suppose 0 = c*g - 0*g - 275. Is g composite?
True
Let p(f) = 4*f**3 - 23*f**2 + 54*f + 23. Is p(16) composite?
False
Let u(v) = v**2 + 459. Suppose h = -4*h. Let t be u(h). Suppose -t = -2*p + p + 5*o, -2*p + 4*o + 906 = 0. Is p a prime number?
True
Let o(n) = n**2 - 7*n + 6. Let d be o(7). Let c(y) = y**3 - 5*y**2 - 5*y - 3. Let j be c(d). Suppose -4*t = -i + 99, 222 = -i + 4*i + j*t. Is i a prime number?
True
Suppose 7 - 24 = -u. Suppose 4*i - r - u = 0, 5*i = 2*r - 3*r + 28. Is 808/i + 12/(-20) prime?
False
Let x(o) = -7*o**2 - 29*o - 31. Let u(w) = 5*w**2 + 19*w + 21. Let r(g) = 8*u(g) + 5*x(g). Is r(-7) a prime number?
False
Let j = 69996 + -41353. Is j composite?
False
Let b = -292 - -